132658784 and 320.
32
Calculate the greatest common factor of 16218913 and 9139.
703
Calculate the greatest common factor of 4000200 and 16225.
1475
What is the greatest common factor of 201824 and 164854168?
7208
What is the greatest common divisor of 21808 and 299048?
232
Calculate the highest common factor of 164 and 3572699.
41
What is the highest common divisor of 96012 and 952?
28
Calculate the greatest common factor of 2 and 298696.
2
What is the greatest common factor of 620933 and 67?
1
What is the highest common factor of 6415625 and 47219?
2053
What is the highest common divisor of 11495 and 8151855?
95
What is the highest common factor of 135 and 160347015?
45
What is the greatest common factor of 2307 and 29098191?
2307
Calculate the greatest common factor of 96 and 73742112.
96
Calculate the greatest common divisor of 86465960 and 2128.
1064
What is the greatest common divisor of 10592 and 1819838?
662
What is the greatest common divisor of 86 and 59082473?
43
What is the greatest common factor of 145690 and 5539960?
170
What is the greatest common divisor of 32778509 and 974?
487
Calculate the highest common factor of 121 and 260863779.
121
What is the greatest common divisor of 438 and 2411482?
146
What is the greatest common factor of 3826599 and 5313?
21
What is the greatest common factor of 70 and 1466770?
10
What is the highest common factor of 22570038 and 828?
414
What is the highest common factor of 324 and 19501722?
162
What is the highest common factor of 323 and 556168?
19
Calculate the highest common factor of 3040407 and 8124.
2031
What is the highest common factor of 581587 and 8143?
17
Calculate the highest common divisor of 1539 and 12752154.
1539
What is the highest common factor of 22481649 and 2484?
207
Calculate the highest common divisor of 119430735 and 30.
15
What is the greatest common divisor of 4283255 and 140?
5
What is the highest common divisor of 3834 and 26138934?
1278
Calculate the highest common factor of 682 and 108788052.
62
What is the greatest common factor of 130635193 and 134?
67
Calculate the highest common divisor of 14168 and 166727.
253
What is the highest common factor of 563 and 3597007?
563
What is the greatest common divisor of 662702868 and 2124?
2124
Calculate the greatest common divisor of 20400 and 8025000.
600
Calculate the highest common divisor of 73592 and 5200.
8
What is the greatest common factor of 23608 and 404456?
104
What is the highest common factor of 137256 and 2687664?
3192
Calculate the greatest common factor of 619 and 13174796.
619
Calculate the highest common factor of 743904 and 2009.
287
Calculate the highest common factor of 1178205 and 405.
15
Calculate the greatest common divisor of 193441902 and 63312.
7914
What is the highest common divisor of 22264 and 38341?
23
What is the greatest common factor of 2314542 and 246?
6
What is the highest common factor of 34763037 and 2705?
541
What is the highest common factor of 66 and 17650204?
22
Calculate the greatest common divisor of 32 and 188120136.
8
Calculate the highest common factor of 4594880 and 1984.
64
What is the highest common divisor of 1272600 and 5425?
175
What is the highest common divisor of 516 and 29636472?
12
What is the highest common factor of 2220 and 86532825?
555
What is the greatest common factor of 12915 and 4624390?
205
What is the highest common factor of 6400 and 856160?
160
Calculate the highest common divisor of 1102 and 5039968.
58
Calculate the greatest common factor of 382748 and 468.
4
Calculate the greatest common divisor of 10151225 and 69445.
4085
Calculate the highest common factor of 714 and 722778.
42
What is the greatest common factor of 4370 and 3111877?
437
What is the highest common divisor of 1000 and 18092?
4
What is the greatest common divisor of 3338 and 18916?
2
What is the highest common factor of 248 and 16751224?
8
What is the greatest common factor of 22714791 and 462?
33
What is the highest common factor of 629560 and 63600?
40
Calculate the highest common factor of 20844 and 1103381.
193
What is the highest common factor of 1106 and 13755954?
158
Calculate the greatest common divisor of 34162470 and 37296.
666
Calculate the greatest common divisor of 1482 and 835050.
114
Calculate the greatest common factor of 11024 and 13022789.
689
Calculate the highest common divisor of 339 and 2273786.
113
Calculate the greatest common divisor of 2206 and 2079300596.
2206
What is the highest common factor of 15850360 and 80?
40
Calculate the highest common factor of 71724 and 3798147.
129
Calculate the greatest common divisor of 148059989 and 2926.
1463
What is the greatest common factor of 52705103 and 11?
11
Calculate the greatest common divisor of 19023722 and 106458.
3226
What is the greatest common divisor of 1142638 and 91154?
238
Calculate the greatest common divisor of 9854 and 302063.
379
Calculate the greatest common divisor of 2584935 and 654.
327
Calculate the greatest common factor of 1740 and 105300015.
435
What is the highest common divisor of 405150 and 4107?
111
What is the highest common factor of 363295 and 22013105?
3215
Calculate the highest common divisor of 54 and 20575917.
27
What is the highest common divisor of 2806 and 15553474?
46
Calculate the greatest common factor of 13586803 and 42950.
859
What is the greatest common divisor of 38045 and 651113?
1087
What is the highest common factor of 23907770 and 474?
158
Calculate the highest common factor of 754892 and 355060.
164
Calculate the greatest common factor of 5756 and 5708.
4
What is the highest common factor of 4413421 and 108936?
1513
Calculate the greatest common factor of 101 and 11062.
1
What is the highest common divisor of 41571 and 223185461?
4619
What is the greatest common divisor of 8792008 and 2094?
698
Calculate the highest common divisor of 104025 and 5853900.
1425
What is the highest common factor of 22 and 82363457?
11
What is the greatest common factor of 5052 and 7492?
4
What is the greatest common factor of 1402678 and 506?
46
Calculate the greatest common divisor of 157401 and 486.
9
What is the highest common divisor of 752 and 4520930?
94
What is the greatest common divisor of 56205220 and 22940?
740
What is the greatest common factor of 36767265 and 15?
15
Calculate the greatest common factor of 577192141 and 577.
577
What is the greatest common factor of 118032360 and 10?
10
Calculate the greatest common factor of 2853 and 502371.
9
What is the highest common factor of 7875 and 73479?
21
Calculate the greatest common factor of 440 and 11445940.
220
What is the greatest common divisor of 2532 and 138479300?
844
What is the greatest common divisor of 30805 and 13231?
101
What is the greatest common divisor of 14 and 112202?
2
What is the greatest common factor of 1984 and 10754192?
16
What is the greatest common factor of 14184550 and 2936?
734
What is the greatest common factor of 10 and 282128850?
10
Calculate the greatest common divisor of 440 and 2977745.
5
Calculate the highest common factor of 5173260 and 7500.
60
Calculate the highest common factor of 1773 and 706158.
9
Calculate the highest common factor of 801741 and 103641.
537
What is the greatest common factor of 2134 and 1086474884?
2134
Calculate the greatest common divisor of 59496 and 44488.
536
Calculate the highest common factor of 1249 and 347715355.
1249
Calculate the highest common factor of 26764782 and 66.
66
What is the greatest common divisor of 200 and 44453968?
8
What is the greatest common factor of 152 and 450148?
76
What is the greatest common factor of 775535 and 1686255?
7115
What is the highest common divisor of 1974044 and 10948?
92
Calculate the highest common divisor of 75482902 and 3882.
1294
What is the highest common divisor of 5429960 and 7975?
145
Calculate the greatest common factor of 469831 and 2759.
89
Calculate the highest common factor of 194832 and 741456.
144
What is the greatest common factor of 2058499 and 18552?
773
Calculate the greatest common factor of 47854 and 53960.
142
Calculate the highest common factor of 1084 and 88617.
271
What is the greatest common factor of 15380210 and 2471?
353
Calculate the greatest common factor of 2962 and 92901649.
1481
Calcul